 are the prime factors of r?
2, 197
Suppose -6 = 4*w - 6*w. Suppose -25 - 8 = -w*x. What are the prime factors of x?
11
Let k be 2/(-5*4/(-230)). Suppose 5*g - 3*p - 12 = 23, -2*g + k = -3*p. What are the prime factors of 28/(0 - g)*-5?
5, 7
Let g(l) be the first derivative of l**4/12 - 2*l**3/3 - l**2 - 5. Let y(n) be the second derivative of g(n). List the prime factors of y(10).
2
Let b be (-41)/4 - 7/(-28). Let v = b + 10. Suppose 4*x - 87 = g + 4*g, 3*x - 5*g - 64 = v. What are the prime factors of x?
23
Suppose 3*y - 1695 = -3*r, 4*y - 54 - 2236 = 2*r. What are the prime factors of y?
2, 3, 5, 19
Let x(m) = 3*m**2 - 6*m + 19. Let g(s) = -2*s**2 + 35*s + 11. Let q be g(18). What are the prime factors of x(q)?
2, 13
Let k(h) = -73*h**3 - h. Let y be k(-1). Let q = y + 81. What are the prime factors of q?
5, 31
Let m = 32 - 30. Let u be (3 - -3)/m + 2. Suppose 121 = 3*z + 2*h, -u*z = -z + 3*h - 163. List the prime factors of z.
37
Suppose 3*q + 4*c = 15, 33 + 9 = 5*q + c. Suppose 5*h + 4*x - x = -9, 4*h - 3*x = q. Suppose -4*f + 3*f + 83 = h. List the prime factors of f.
83
Let q = 1 - 16. List the prime factors of q/(-105) + 1020/14.
73
Let y = 1 - 6. Let g(t) = -12*t + 1. Let a be g(y). Let o = a + -36. List the prime factors of o.
5
Let m(u) = -u**3 - 11*u**2 + 5*u + 20. List the prime factors of m(-15).
5, 13
Let q(z) = -z**2 - 36. Suppose 4*s = 7*s. Let d be q(s). List the prime factors of 9/(d/(-184)) - 1.
3, 5
Suppose -4 = -3*y + 5. Let q(x) = 6*x + 13. List the prime factors of q(y).
31
Let r(u) = 30*u - 3. Let b be r(2). Let f = -21 + b. List the prime factors of f.
2, 3
Let h be 1/4 - (-140)/16. Let u be (9/h)/(2/(-216)). Let b = u - -152. List the prime factors of b.
2, 11
Suppose -4*z - g + 24 = 0, 2*z + 0*g - g - 6 = 0. Suppose -5*n + 267 = s, z*n - 4*s = 3*n + 120. List the prime factors of n.
2, 3
Suppose -q - 4*h + 153 = 0, -3*h = 2*q - 7*h - 270. Let f = -100 + q. Suppose 2*c + 4*k + 0*k - 90 = 0, 0 = c + 4*k - f. What are the prime factors of c?
7
Let t = 110 - 56. Let r be 1 - ((-14)/6 + (-2)/3). Suppose -5*j + t = -r*w - 73, -3*w = 9. List the prime factors of j.
23
Suppose 0 = -v + 2*j - 127, 0 = v + j + 2*j + 142. Let h = -70 - v. List the prime factors of h.
3, 7
Suppose 4*h = -5*g + 34, 4 = g - h - 10. Suppose -g = -2*n - 3*o + 4, -5*n + 2*o = -73. Let r = 12 + n. What are the prime factors of r?
5
Suppose -5*r - 6 = -36. Suppose -r = -5*s - n, -4*s - 4*n - 18 = -5*s. Suppose a + 2*g = -a + 34, -s*a = -2*g - 38. List the prime factors of a.
2, 3
Let x(b) = 1483*b**3 + b**2 + 5*b - 6. List the prime factors of x(1).
1483
Suppose 0 = 5*c + 4*k - 3123, 3*c + k - 2302 = -424. List the prime factors of c.
3, 11, 19
Suppose -16*x - 128553 = -89*x. What are the prime factors of x?
3, 587
Let u = 11 + -8. Suppose -4*s + 11 = -4*k - 9, -u*s + 2*k + 17 = 0. What are the prime factors of s?
7
Let o(a) = -a. Let m(x) = -5*x - 2. Suppose 2*j = 4*j + 28. Let f(d) = j*o(d) + 2*m(d). List the prime factors of f(8).
2, 7
Let r(c) be the second derivative of -c**5/20 + c**4/12 - 2*c**3/3 + c**2/2 + 10*c. List the prime factors of r(-5).
3, 19
Let z(p) = p**3 + 6*p**2 + 2*p - 4. Let a be z(-4). Let l = a + 59. What are the prime factors of l?
79
Suppose 0 = 27*q - 32*q + 2135. What are the prime factors of q?
7, 61
Let x be (-4 + 7 - 4)*-2. Suppose 3*z - 398 = -5*k, 5*z + x*k = 3*k + 654. What are the prime factors of z?
131
Let p be 1 - (-3)/(-2)*6. Let r = 23 - p. What are the prime factors of r?
31
Suppose 3*h - 39 = -3. Let i(f) = -f**2 + 13*f + 12. List the prime factors of i(h).
2, 3
Let r = -458 + 2612. List the prime factors of r.
2, 3, 359
Let s be -5 + 2*-1 + (16 - 15). List the prime factors of (7*1)/(231/(-39) - s).
7, 13
What are the prime factors of (18 + 13)/(2/46)?
23, 31
Let x(v) = 7*v - 6*v - 2*v - 1 - v**2. Let q be x(3). Let i(u) = -u**3 - 13*u**2 - 3*u. List the prime factors of i(q).
3, 13
Let i = 2090 - 1398. What are the prime factors of i?
2, 173
Suppose 2*x + 5*l = 10*l + 1133, -x = -5*l - 554. List the prime factors of x.
3, 193
Suppose -3*s = 2 - 53. Let c = 3 - 7. What are the prime factors of s - 0/(c/(-1))?
17
What are the prime factors of -1648*3/12*-2?
2, 103
Suppose 0 = 7*f + 27*f - 4556. List the prime factors of f.
2, 67
Let f = 15 - 11. Suppose d = -2*d + 9. Suppose -f*s + 32 = -d*s. List the prime factors of s.
2
Suppose v - 30 = -4*v. Suppose -v = -i + 2*h + 6, -h - 12 = -2*i. Suppose -3*u + 22 = -2*u + 4*z, 2*u + i*z = 48. List the prime factors of u.
2, 13
Let n(q) be the third derivative of q**5/60 + 11*q**4/24 - 37*q**3/6 + 12*q**2. List the prime factors of n(-20).
11, 13
Suppose 92 = 4*t + 2*a, -t + 3*a - 7 = -37. Suppose -s + 141 = -t. What are the prime factors of s?
3, 5, 11
Suppose -3*l - 5*p - 23 = -6*l, -11 = -2*l - p. Suppose 0 = 4*y + m - 189, m = 3*y - l*y + 142. List the prime factors of y.
47
Suppose 5*h = 4*w + 34 + 2, 2*h = -2*w. What are the prime factors of (-3 - 0)*(-10)/w*-4?
2, 3, 5
Let k(d) = 20*d**2 + 28*d + 26. What are the prime factors of k(-6)?
2, 17
Suppose 23188 = 8*r + 23*r. List the prime factors of r.
2, 11, 17
What are the prime factors of 62127/45 - 30/50?
2, 3, 5, 23
Let m(x) = -x**3 - 5*x**2 + 4*x - 4. Let o be m(-6). Suppose -9*k = -o*k - 96. List the prime factors of k.
2, 3
What are the prime factors of ((12 - 10) + -186)*(-2)/8?
2, 23
Let s(u) = 6*u**2 + 10*u - 12. What are the prime factors of s(-14)?
2
Suppose 435 = b - 2*l, 5*b + 2*l - 7*l = 2175. Suppose 0 = -4*j + z + b, -5*j + 2*z + 2*z = -530. What are the prime factors of j?
2, 5, 11
Let p(i) = -9*i + 31. Let b be p(-18). What are the prime factors of b/3 + 14/21?
5, 13
Suppose d - 245 = 4*g, 5*g - 786 = -d - 2*d. What are the prime factors of d?
257
Suppose 0 = 4*b - 7*b + 114. Let l = b - 20. Let f = 31 - l. List the prime factors of f.
13
Suppose 7*m - 2*m - 25 = -5*d, -2*d = 4*m - 10. Let l be m + 0/(3/(-3)). Suppose 4*w + 0*w - 184 = l. List the prime factors of w.
2, 23
Let z(f) = f**3 + 12*f**2 - 12*f - 3. Let t be z(-13). Let x = 89 + t. List the prime factors of x.
73
Let y = 84 + -56. Suppose 18*d + 7*d + 300 = 0. Let z = d + y. List the prime factors of z.
2
Let z(o) = o**2 + 8*o + 10. Let n be z(-7). Suppose -5 - 4 = -n*h. List the prime factors of h/(-12)*-4*54.
2, 3
Suppose 27*o - 25*o + 2*l = 120, -3*l = -6. What are the prime factors of o?
2, 29
Suppose 0 = -4*l + 17 + 3. Suppose -l*h = 3 - 13. Suppose t - 3*t = i - 57, -h*i - 42 = -2*t. List the prime factors of t.
2, 13
Let p(k) = -k**2 + 9*k - 22. Let c be p(7). Let g(q) = -2*q**3 - 3*q**2 - 1. Let o be g(-3). Let l = o + c. What are the prime factors of l?
2, 3
Suppose -4*z + 2*z + 5*w = 85, -4*z = -4*w + 140. Let s be (z/8)/(-5)*4. Suppose -93 = -s*i - 6. What are the prime factors of i?
29
Suppose s - 4*o = -22, -2*o = -6*s + s - 20. List the prime factors of 1 - -2 - 70/s.
2, 19
Let j(z) = 19*z**2 + 20*z + 11. What are the prime factors of j(-9)?
2, 5, 137
Suppose -10772 = -15*i + 11*i. List the prime factors of i.
2693
Let d(a) = 285*a - 175. What are the prime factors of d(11)?
2, 5, 37
Let w(l) = l**3 + 5*l**2 + 10. Let f be w(-5). Let m(n) = -n**3 + 11*n**2 - 8*n + 8. What are the prime factors of m(f)?
2, 7
Suppose z + 0*u = 5*u - 2, 2*z - 10 = -4*u. Let s(k) = 4*k - 4. Let q be s(z). List the prime factors of (-24)/(q/2)*-3.
2, 3
Suppose l = 3*u + 14 + 39, -3*u + 115 = 2*l. Suppose 5*r + l - 11 = 0. What are the prime factors of -3 + (-3 - -5 - r)?
2
Let d(f) be the first derivative of -3*f**2/2 - 8*f - 6. List the prime factors of d(-15).
37
What are the prime factors of ((-20)/(-25))/(-2) - 13551/(-15)?
3, 7, 43
Let n = 33 - 18. Let t = -97 + 49. List the prime factors of t/(-18)*n/2.
2, 5
Suppose -2*u + 4*t + 1800 = 0, t + 3586 = -8*u + 12*u. List the prime factors of u.
2, 7
List the prime factors of 2528 + (-16 + 8 - -11).
2531
Suppose -2*y + w = -6, -y = -0*y + 3*w + 4. Let g(n) = -3 - 2*n**2 + 6*n**2 - 2 + 3. What are the prime factors of g(y)?
2, 7
Let h(i) = i**3 - i + 3. Let v be h(0). Let m be 4*v*4/24. Suppose -d - t - 146 = -4*d, m*t = -4. What are the prime factors of d?
2, 3
Suppose 0 = -4*j - 3*l + 820, 475 = 2*j + 4*l + 75. Let y = -62 + j. List the prime factors of y.
2, 73
Let i = 18 - 16. Let q